et k be 4/(-6) + (-143)/(-39). Suppose k*o + 6 + 8 = 5*h, -5*o = -4*h + 6. Suppose 13 = j + o. Is j prime?
True
Let q = 2473 + -1676. Is q composite?
False
Let h be 44591/136 + 1/8. Suppose -3*c + 335 + h = 0. Is c a prime number?
False
Let t(w) = -372*w - 1. Let n be t(-6). Let m = n - 1512. Is m a prime number?
True
Let o = -10232 - -14549. Is o a composite number?
True
Let q(g) = 32*g**2 - 15*g + 27. Is q(4) a prime number?
True
Is (2 - -2 - -4387)/1 prime?
True
Let m(i) = 50*i**2 - 5. Let q be m(7). Is q/12 + (-9)/12 composite?
True
Let s(k) = 18506*k + 27. Is s(2) prime?
True
Let t(m) = 2*m**2 + 2*m - 1. Let r be t(1). Suppose 886 = r*a - 140. Suppose -3*o = -915 + a. Is o a prime number?
True
Suppose -4*p + 32341 = -93855. Is p a composite number?
True
Suppose 110663 = 10*c - 35667. Is c a prime number?
True
Let k = 379 - -91. Let i = 7327 - 4974. Suppose 5*b - 4*c = i, k + 939 = 3*b - c. Is b prime?
False
Is (923683/215)/(2/10) a composite number?
False
Is (-117704)/(-6)*3/2 a prime number?
False
Suppose -105*a = -112*a + 6965. Is a prime?
False
Suppose 4 + 0 = -2*p. Let u be (-86)/(1/26*p). Let f = u + -747. Is f composite?
True
Suppose c - 1442854 = -13*c. Is c a prime number?
False
Let r(c) = 56*c**2 + 2*c + 1. Suppose 0 = -5*j + 8*j - 12. Suppose 4 = 4*d - j, -4*d = -l - 9. Is r(l) composite?
True
Suppose 10 = -4*d + 2. Let m = 0 - d. Is -5*22/(-4 + m) a composite number?
True
Suppose 0 = -2*z - 5 - 5, -4*v + 23 = 5*z. Suppose -4 = 2*r - v. Suppose h + 3*h = -r*b + 216, -4*h - 5*b + 217 = 0. Is h prime?
True
Suppose 4*o - 7*o - 2298 = -3*t, 3*t - 2*o - 2303 = 0. Suppose y - w - t = 349, -2*w = 3*y - 3375. Is y composite?
False
Suppose 2884 = 262*k - 258*k. Is k a prime number?
False
Let z(d) = 7 + 43*d - 3 + 2*d**2 + 3*d**2 - 38*d. Is z(-3) a composite number?
True
Let k be 4/(-22) + (-192)/(-88). Suppose -2968 = -4*w - 4*c, 0 = -3*w - k*c + 7*c + 2250. Is w a prime number?
False
Let q(x) = 3*x + 1906. Let i be q(0). Is i/8 - 3/(-4) composite?
False
Suppose 2*i - 35 - 25 = 0. Suppose -i*d + 26*d = -3208. Is d composite?
True
Suppose -4*s = -2*k - 4606, 5*k = s - 5*s + 4627. Let b = s - 744. Is b a composite number?
False
Let w(g) = -5*g**2 + 32*g**3 - 5 - 139*g**3 + 7 - 3*g - 3. Is w(-2) composite?
True
Let y = 21 + -21. Suppose 3*a - 879 - 160 = -4*p, p - 4*a - 255 = y. Is p prime?
False
Suppose 26*j = 30*j - 29324. Is j composite?
False
Suppose -a = a - 14. Suppose -4*y + a*y = 699. Is y prime?
True
Suppose 0 = 2*j + 4, -f - 5*j = -2*j - 706. Suppose -74 = -6*h + f. Is h a composite number?
False
Suppose 2030 - 233 = 3*p. Let d = p - -48. Is d composite?
False
Suppose 5*s - 4*h = -63, -2*s + 2*h - 24 = -0*s. Let m be -3*(s - 12/(-3)). Is 869/m*1*3 a prime number?
True
Let b(h) = -h**3 + 7*h**2 + 19*h - 3. Let y be b(9). Suppose -5*x + 865 + 662 = 4*g, 0 = 3*g + y. Is x a prime number?
True
Let a = -21 - -30. Let s(f) be the third derivative of f**6/120 - f**5/12 + f**4/3 - f**3/6 - 2*f**2. Is s(a) prime?
False
Suppose 0 = -4*p + 5*i - 1001, -3*i + 14 - 487 = 2*p. Let r = 1299 + p. Is r prime?
False
Suppose 5*m + 58 = -3*g, 0 = -g - 0 + 4. Let k be (-273)/m*(29 - -1). Let v = k + -286. Is v a composite number?
True
Let u = -24 - -19. Is u/((-70)/5144) + (-24)/56 a composite number?
False
Suppose -4*w = -w + 18. Is w + 123 - 2/(-2) prime?
False
Suppose -5*f - 10 = -c, 10 = -5*f + 20*c - 21*c. Let g(y) = 187*y**2 - 2*y + 2*y - y - 1. Is g(f) a composite number?
True
Let k(u) = 22297*u**2 - 19*u + 19. Is k(1) a composite number?
True
Let y = 5209 + -2830. Let i = -638 + y. Is i composite?
False
Let a be 8/(-3 + 7) + 3. Suppose 0 = -4*m - p + 2564, a*m + 2*p - 1923 = 2*m. Is m a composite number?
False
Let q(a) = 4*a**3 - 15*a**2 - 5*a - 11. Is q(8) prime?
False
Suppose 4*b - 3726 = 4*d + 3662, 2*d + 8 = 0. Is b a composite number?
True
Let n be 1 - -186 - 0/(-5). Is 4/(-22) - (-122145)/n prime?
True
Suppose l + 5*f = 1, 5*f = f. Is l - 20/25 - (-3258)/10 a composite number?
True
Suppose 0 = 66*j - 67*j + 365. Let x = 168 + j. Is x a prime number?
False
Suppose 875 = 3*g + 53. Let t be (878/5)/(24/60). Let j = g + t. Is j prime?
False
Is ((35/(-10))/7)/(2/(-18548)) a composite number?
False
Let k(j) = 2*j**2 - 2*j + 5. Let g be -1 + 11 - (0 + 1). Let v be k(g). Suppose 4*n - 5*n = -v. Is n a prime number?
True
Is ((-3)/((-9)/(-3)))/((-14)/380338) prime?
False
Suppose -37881 = -5*w + 14594. Is w composite?
True
Suppose 3*a = 5*a - 688. Let t = a + 177. Is t a prime number?
True
Let v(g) = -188*g + 1. Let k be v(1). Let n = k + 41. Let h = 363 + n. Is h prime?
False
Let u(q) = q + 24. Let b be u(-21). Is b*(0 + (-951)/(-9)) a prime number?
True
Let m(y) = -26*y - 4. Let k be m(-3). Let h(w) = -7*w**2 + 0*w**2 + k + 6*w**2 - w. Is h(0) composite?
True
Let j = 404 + 315. Is j a prime number?
True
Let p = 36567 - 19808. Is p a prime number?
True
Let g(x) = 90*x**2 - 10 - 88*x**2 - 17*x + 9 + 41. Is g(14) a prime number?
False
Let t be 4/(-8)*6 + 6. Suppose -h + 6*l - t*l - 2 = 0, 3*h + 4*l = -58. Is h/(-49) + (-4383)/(-21) a prime number?
False
Let v(j) = 29*j**2 + 10*j + 64. Is v(-5) prime?
True
Let q be 3/6*40 - 0. Is (-4)/q*-5*769 a composite number?
False
Suppose -8*u = -6*u - 13474. Is u prime?
True
Let p(k) = -17*k + 29. Let m(i) = 4*i - 7. Let b(d) = 26*m(d) + 6*p(d). Let x be b(5). Suppose -249 = -x*w + 5*v, -9 = w + v - 137. Is w prime?
True
Suppose 0 = -5*m - 5*q + 8*q + 4781, -2862 = -3*m + 4*q. Is m a prime number?
False
Suppose -1248195 = -24*j + 322965. Is j prime?
False
Let w = 92 + -234. Let s = 245 + w. Suppose -5*h - 2*j + 0 + 104 = 0, -s = -4*h + 5*j. Is h a prime number?
False
Let j(b) be the first derivative of 193*b**2/2 + 17*b - 23. Is j(12) a prime number?
True
Let t(x) = -4*x**3 - 33*x**2 - 4*x - 33. Let f(o) = o**3 + 8*o**2 + o + 8. Let v(a) = 9*f(a) + 2*t(a). Let m be v(-6). Suppose 4*u + u - 1235 = m. Is u prime?
False
Let y = 13 + 3. Let h(w) = -2*w**2 - 1 + 3*w + 10*w**2 + y*w**2. Is h(-4) prime?
False
Suppose 2*g + 17114 = 5*g + 5*j, -4*g - 2*j + 22842 = 0. Is g a prime number?
False
Suppose f + 598 = 2370. Suppose 7*v = 3*v + f. Is v prime?
True
Suppose 3*g = -2*d + 740, -4*g = 3*d - 2*g - 1105. Is d composite?
False
Is (-3)/(3/(-5)) + (38 - -6000) composite?
False
Let z be 1*4 + 18 + -19. Suppose 0 = -2*w - z*q + 2531, -2711 = -4*w + 2*q + 2327. Is w a composite number?
True
Suppose 0 = -z - 2*q + 119, -4*z - 362 = -7*z - 5*q. Let s = z + -223. Let l = -63 - s. Is l a composite number?
False
Let r(u) = -261*u - 10. Let v be r(11). Let i = 4678 + v. Is i composite?
True
Let n(j) = j**3 + 6*j**2 + 7*j + 3. Let d be n(14). Let w = d - 1832. Is w prime?
False
Let i be 20/12*9/5. Suppose 4*f = 12, -i*f = -4*w - 0*f + 1859. Is w a prime number?
True
Let a = 3677 + -570. Is a composite?
True
Let o be ((-288)/7)/(15/(-70)). Let t = 523 - o. Is t a composite number?
False
Let u be 0 - (-5)/((-5)/(-2)). Suppose -3*w + u*q + 3176 = 0, 0 = -3*w + w - q + 2122. Suppose -3*n - n + w = 0. Is n a composite number?
True
Suppose 4*x = -2*g + 66 - 28, 14 = g + x. Suppose -g*p = -14900 - 8167. Is p composite?
True
Is (-44)/198 - ((-66102)/27 + 1) a composite number?
False
Suppose 36 = 2*g + 26. Is 416 - (g/10 - 6/4) a prime number?
False
Let j = 5013 + 196. Is j a composite number?
False
Let z = -38 - -40. Suppose 0 = z*o - 5*o + 6843. Suppose -6*y + o = -341. Is y prime?
False
Suppose 78*j - 1570750 = 3415868. Is j a prime number?
False
Is (29406/195)/((-2)/(-5)) composite?
True
Let f(l) = 0 + 7*l - 24*l - 10*l + 3. Is f(-4) composite?
True
Is (7980/(-9) - 3)*-3 a prime number?
False
Is (-12)/21 + 290843/49 a prime number?
False
Let v = 131 - 123. Let r(y) = 149*y + 25. Is r(v) composite?
False
Let r(p) = 2*p - 58*p**3 - 4 - p**2 - 5*p**2 - p**2 - 3*p. Is r(-3) a composite number?
True
Suppose -38 = -7*v + 11. Suppose -v*y - 8 = -246. Is y prime?
False
Suppose -2*q - 371 = -1263. Is (q + 0)/((-2)/(-5)) a composite number?
True
Let m(g) = g**3 - 14*g**2 + 14*g - 10. Let u be m(13). Is -1 - (u + 1 - 24) a prime number?
True
Let d(p) = 8*p**2 - 17*p + 43. Is d(9) composite?
True
Suppose 37*h - 3306191 = -948514. Is h composite?
True
Let o(d) = -225*d - 8. Let r(w) = -w**2 + 2*w + 11. Let c be r(6). Is o(c) a prime number?
Tr